5?
False
Is 97067714 even?
True
Is 2272201283 a multiple of 121?
True
Is 95778065 a multiple of 28?
False
Does 22 divide 9108807365?
False
Does 81 divide 15459822?
True
Does 278 divide 129553422?
False
Is 3583322998 a multiple of 58?
True
Is 82875294 a multiple of 354?
True
Does 6197 divide 1967342139?
False
Is 527 a factor of 20758635?
False
Does 7269 divide 418592634?
True
Is 13 a factor of 714371528?
True
Is 139220921 a multiple of 643?
False
Is 132710480 a multiple of 560?
True
Is 734 a factor of 186642254?
True
Is 13 a factor of 8589590455?
False
Is 446790694 a multiple of 547?
True
Is 108 a factor of 1985051556?
True
Is 2530 a factor of 147706460?
True
Does 64 divide 2368765714?
False
Is 2937750065 a multiple of 6292?
False
Does 111 divide 10173816?
True
Is 5417929265 a multiple of 43?
True
Does 34 divide 8294583?
False
Is 12 a factor of 124628304?
True
Is 32 a factor of 12447776?
True
Does 6 divide 17115512?
False
Is 115911232 a multiple of 248?
True
Is 97 a factor of 39196197?
False
Is 91830666 a multiple of 1353?
False
Is 154574263 a multiple of 2987?
True
Is 209 a factor of 1509189?
True
Is 4824060 a multiple of 1517?
True
Is 402 a factor of 174680633?
False
Is 245875384 a multiple of 2?
True
Is 212739748 a multiple of 1118?
True
Is 545682039 a multiple of 3409?
True
Is 655 a factor of 886247095?
True
Is 88686744 a multiple of 376?
True
Does 1337 divide 323242479?
True
Is 7291664 a multiple of 109?
True
Does 4 divide 58846186?
False
Is 487461645 a multiple of 135?
True
Does 1793 divide 1094618746?
False
Is 139182248 a multiple of 7883?
True
Is 9 a factor of 29420771?
False
Is 6672 a factor of 613230192?
True
Does 13779 divide 2561874354?
True
Is 27 a factor of 72264241?
False
Is 12 a factor of 2651677483?
False
Is 1516442405 a multiple of 84?
False
Is 227301256 a multiple of 7?
True
Is 512397626 a multiple of 39?
False
Is 3138106 a multiple of 2?
True
Is 35989380 a multiple of 36?
True
Is 14472270 a multiple of 306?
True
Is 686893724 a multiple of 2794?
True
Is 19 a factor of 60205716?
False
Is 25905697 a multiple of 1636?
False
Is 580661 a multiple of 14?
False
Does 640 divide 50680960?
True
Is 2368399954 a multiple of 9?
False
Is 14 a factor of 19921913?
False
Is 1001768496 a multiple of 92?
True
Does 367 divide 239248173?
False
Is 475741492 a multiple of 64?
False
Is 1962 a factor of 36281467?
False
Is 348 a factor of 1806429024?
True
Does 117 divide 1340069928?
False
Is 28199824 a multiple of 147?
False
Does 404 divide 5388904?
False
Is 83215645 a multiple of 29?
True
Is 23 a factor of 146248237?
True
Is 639917124 a multiple of 1533?
True
Does 38 divide 10658881?
False
Does 47 divide 2362430740?
False
Is 3577 a factor of 54446035?
False
Does 3048 divide 2169515018?
False
Does 28 divide 15645252?
True
Does 1031 divide 74822763?
True
Is 52890680 a multiple of 38?
True
Is 66613113 a multiple of 63?
True
Is 12 a factor of 51571796?
False
Is 32 a factor of 59897664?
True
Is 10320382 a multiple of 101?
True
Is 11 a factor of 226660115?
True
Does 9 divide 61897401?
True
Is 1027304152 a multiple of 34?
True
Does 37 divide 3741588?
True
Is 1484 a factor of 176739948?
True
Is 175901325 a multiple of 15?
True
Is 43 a factor of 50352614?
False
Is 117188494 a multiple of 53?
False
Does 1363 divide 3092414662?
False
Is 574 a factor of 168508032?
True
Is 72845781 a multiple of 200?
False
Is 33 a factor of 4251687?
True
Is 59 a factor of 2371104508?
True
Is 41 a factor of 14208468?
True
Does 13 divide 714974?
True
Is 8 a factor of 49280736?
True
Is 24 a factor of 79828448?
False
Is 39 a factor of 71100733?
False
Is 3099 a factor of 92900103?
False
Is 1450576 a multiple of 3?
False
Does 42 divide 470316924?
True
Is 2935 a factor of 476820100?
True
Does 15 divide 321872124?
False
Is 29 a factor of 74413557?
False
Is 27 a factor of 766275552?
True
Is 10 a factor of 6847450?
True
Is 1113820576 a multiple of 62?
True
Does 293 divide 148809368?
False
Is 779 a factor of 77367943?
True
Does 49 divide 795114866?
True
Is 362 a factor of 10226500?
True
Is 133295778 a multiple of 1249?
True
Is 214956692 a multiple of 15?
False
Does 5 divide 345669426?
False
Does 38 divide 43184378?
True
Is 17 a factor of 285086226?
True
Is 13 a factor of 571264824?
True
Is 161 a factor of 2389704743?
False
Is 176 a factor of 5740708512?
True
Is 1773 a factor of 685672978?
False
Does 352 divide 29257536?
True
Is 386 a factor of 969320522?
False
Is 586595574 a multiple of 153?
True
Is 22573073 a multiple of 32?
False
Does 31 divide 35233081?
True
Is 380 a factor of 1928485501?
False
Does 87 divide 34547874?
True
Is 18 a factor of 1059796247?
False
Is 17 a factor of 80719758?
False
Is 1720704518 a multiple of 26?
True
Does 6513 divide 337500451?
False
Does 265 divide 38620570?
True
Is 18 a factor of 1580896062?
True
Does 214 divide 165402740?
True
Does 1746 divide 246672407?
False
Does 104 divide 103537512?
True
Is 11 a factor of 10490680?
False
Does 3 divide 45544363?
False
Is 2869 a factor of 287995958?
True
Is 1668 a factor of 29607000?
True
Is 1306 a factor of 85098960?
True
Is 5648400 a multiple of 43?
False
Does 214 divide 93698402?
True
Does 1252 divide 404208200?
True
Is 1868137671 a multiple of 73?
True
Is 27797912 a multiple of 1838?
True
Is 11072957 a multiple of 208?
False
Is 22 a factor of 887632416?
True
Is 32337944 a multiple of 71?
True
Is 24674097 a multiple of 7?
True
Is 2228151916 a multiple of 1000?
False
Does 7165 divide 5381717480?
True
Does 193 divide 403387949?
True
Is 19 a factor of 5056014?
True
Is 701116180 a multiple of 114?
False
Does 39 divide 50508395?
False
Does 258 divide 1116478230?
True
Does 44 divide 499314068?
True
Is 1473 a factor of 27110565?
True
Is 207 a factor of 1201447251?
True
Is 2237665 a multiple of 9?
False
Is 64815338 a multiple of 686?
True
Is 1715897786 a multiple of 8315?
False
Is 65550335 a multiple of 91?
False
Does 18 divide 2470212?
True
Is 21 a factor of 18411850?
False
Does 42 divide 272010312?
True
Is 197460650 a multiple of 49?
False
Is 5595383 a multiple of 4?
False
Is 225 a factor of 5547471?
False
Does 150 divide 148679347?
False
Does 7 divide 40400116?
False
Is 3884988 a multiple of 4?
True
Is 85 a factor of 3542120?
True
Is 4409 a factor of 147750749?
False
Does 7824 divide 848890445?
False
Is 102945309 a multiple of 334?
False
Is 75 a factor of 72709650?
True
Is 1932 a factor of 29819124?
False
Does 1665 divide 84147435?
True
Is 336830184 a multiple of 1937?
False
Is 10 a factor of 31225230?
True
Is 5532283619 a multiple of 82?
False
Is 3225255744 a multiple of 96?
True
Is 133606155 a multiple of 11?
False
Is 154 a factor of 23192319?
False
Is 139 a factor of 24184193?
True
Is 29211644 a multiple of 308?
True
Is 528 a factor of 97863744?
True
Is 187 a factor of 113817649?
False
Is 2030 a factor of 37850179?
False
Is 568748785 a multiple of 28?
False
Is 3740720 a multiple of 190?
True
Is 34992723 a multiple of 101?
False
Is 24280971 a multiple of 1012?
False
Does 215 divide 45464115?
True
Is 20 a factor of 297764716?
False
Does 731 divide 150492707?
False
Is 35 a factor of 149428640?
False
Does 28 divide 4877950853?
False
Is 7494 a factor of 631506807?
False
Is 532 a factor of 117444889?
False
Is 10187793 a multiple of 21?
True
Is 3224 a factor of 449889856?
True
Is 2852463342 a multiple of 45?
False
Is 1101672570 a multiple of 5?
True
Does 88 divide 10628376?
True
Does 14 divide 84311458?
True
Does 198 divide 45200020?
False
Does 8 divide 447550726?
False
Does 651 divide 2021420244?
False
Is 48921482 a multiple of 273?
False
Is 11192640 a multiple of 393?
True
Does 31 divide 511870884?
True
Is 11505475 a multiple of 2?
False
Is 103322798 a multiple of 19?
True
Does 877 divide 393743182?
True
Does 15 divide 1165673100?
True
Does 86 divide 21417784?
True
Does 1658 divide 55560427?
False
Is 85744043 a multiple of 54?
False
Is 52 a factor of 127851855?
False
Does 7 divide 26977671?
True
Is 59004180 a multiple of 41?
False
Does 130 divide 4699110?
True
Is 111233008 a multiple of 8?
True
Does 213 divide 39170591?
False
Does 1033 divide 536400745?
True
Does 1104 divide 4688340?
False
Is 11 a factor of 43959080?
True
Does 19 divide 5717475?
False
Is 28 a factor of 85169473?
False
Is 9668221 a multiple of 20?
False
